What is s(-5)?
4
Suppose -195 = -5*k - 4*o, -6 - 19 = -5*o. Let c be 0 - k/(2 - -3). Let z(i) be the first derivative of i**3/3 + 2*i**2 - 10*i + 1. Calculate z(c).
11
Let c(g) be the first derivative of g - 7/2*g**2 - 33. Suppose 0 = y - 4*y + 3. Determine c(y).
-6
Let m(p) = -5*p + 9*p**2 - 4*p - 8850 + 8863. Calculate m(2).
31
Let y be -5*(18/(-15))/6. Let d be y + 22/(-3) + 3/9. Let x(o) be the first derivative of -o**3/3 - 4*o**2 - 7*o + 123. What is x(d)?
5
Let o(v) = -v**2 + 7*v + 1. Let p(b) = -b**2 + 6*b + 1. Suppose 0 = -5*c, 3*z + 9 = -0*c + 2*c. Let t(a) = z*p(a) + 2*o(a). Suppose 0 = 4*x - x - 6. Give t(x).
-5
Let h(b) = -5468*b + 49210. Let t be h(9). Let c(p) = -32*p. Let j(u) = -11*u. Let v(y) = 3*c(y) - 8*j(y). Calculate v(t).
16
Suppose 5*f + 10 = -2*v, 4*f + v + 6 - 1 = 0. Suppose f = -17*a + 4*a + 78. Let o(c) be the second derivative of -c**4/12 + c**3 - c**2/2 + 8*c. Give o(a).
-1
Let z be (5 - 3)*(2 - (-2)/(-2)). Let f(g) be the first derivative of -g - 14 + 0*g**2 + 5 + z*g**2 + 10. Calculate f(-6).
-25
Let m be ((-11)/(-44))/((-1 + -2)/(-36)). Let p(o) = -38 + 0*o**2 + o**2 + 18 - m*o + 4. What is p(7)?
12
Suppose -40 + 52 = 6*l. Let d(z) = z - 6 + 8 - l*z. Calculate d(-5).
7
Let k(h) be the third derivative of -h**4/24 - 19*h**3/6 + h**2 + 56237. Let r(i) = -i**2 - 2*i - 5. Let d be r(-4). What is k(d)?
-6
Let n(b) = 14*b**2 + 5*b - 16. Let d be n(-5). Let l = d - 324. Let t(m) = m**2 + 15*m + 1. What is t(l)?
1
Let g(h) = h**2 - 4*h - 1. Suppose 14 = 8*t - 26. Suppose 2*r - 7*r = -i - 22, t*r + 5*i = 40. Calculate g(r).
4
Let t(w) = w**3 - w**2 - w. Let s(n) be the second derivative of 1/3*n**4 + 0 - 17*n + 0*n**2 - 1/10*n**5 + 1/2*n**3. Let g(d) = -s(d) - 3*t(d). What is g(0)?
0
Let m(s) = 70*s**3 + 84*s**3 + 14*s**2 - 153*s**3 + 15. Determine m(-14).
15
Let x(m) be the second derivative of m**3 - 119*m**2/2 - m + 1423. Give x(21).
7
Let y(m) = 20*m**3 + m**2 + 3*m + 3. Let o be 560/(-540) + 3/81. Calculate y(o).
-19
Let l(n) = -n**3 - 6*n**2 - 8*n - 1. Let k(w) = -w**2 - 2*w - 1. Let b(h) = -5*k(h) + l(h). Suppose 16 = 5*v + 1. Give b(v).
-26
Let g = -26590 - -26592. Let k(s) = s**3 - 4*s**2 - 4*s - 2. Let n be k(5). Let t(o) = o**n - 3*o**3 + o + 2*o - 2. Give t(g).
-12
Let q(y) be the second derivative of y**4/12 - 11*y**3/6 - 4*y**2 - 621*y. Let w be (-44)/12*-1*3. Calculate q(w).
-8
Let c(x) = 1. Let w(f) = 8 + f - 7*f - 4*f**2 + 5*f**2. Let b(u) = -u**2 + 54*u - 289. Let n be b(6). Let r(m) = n*w(m) + 6*c(m). Determine r(5).
3
Let s = -2354 + 2355. Let w(z) be the second derivative of 11*z**5/20 - z**4/6 + z**3/3 - z**2/2 - 11*z. Calculate w(s).
10
Let w be ((-3)/(30/(-8)))/((-1098)/(-915)). Let l(y) be the third derivative of -w*y**3 + 0 - 1/24*y**4 - 1/120*y**6 - 1/20*y**5 + 0*y - 45*y**2. What is l(-3)?
-1
Let r = 30 - 30. Let x(l) = -1 - 16*l**2 + 2*l + 10*l**2 + r*l. Suppose 3*u - 6 = 7*u + 2*a, -2*u - 18 = 4*a. What is x(u)?
-5
Let b(z) = -z**2. Let u(n) = 2*n**3 + 12*n**2 - 2. Let o(a) = 12*b(a) + u(a). Suppose -4*t = -5*t - 6. Let g = -4 - t. Give o(g).
14
Let x(g) = -9 + 11824*g**3 + 7*g**2 - 2*g - 23667*g**3 + 11844*g**3 - 4*g. Calculate x(-8).
-25
Let s(c) = -c**2 + 11*c - 4. Suppose f = 622 - 619. Suppose 4*k = -l + 22, -f*l = -2*k - 74 + 64. Determine s(l).
26
Let g(a) be the third derivative of a**5/60 - a**4/4 + 7*a**3/6 - 26*a**2. Let o be g(5). Let r(h) = 4*h - h**3 - 5*h - 3 + 4 + 2*h**o. Calculate r(2).
-1
Let o(u) = u**2 + 2*u. Let l(s) = -s**2 - 2*s + 1. Let p(z) = 2*l(z) + 3*o(z). Let t(x) = -x**2 - 53*x + 2057. Let f be t(26). Calculate p(f).
17
Let w(h) = -4*h**2 + h + 5. Suppose -2*o - 8 = 0, -3*o = -2*i + 10 - 8. What is w(i)?
-100
Let b(r) be the third derivative of -r**6/120 + 4*r**5/15 + 5*r**4/8 - 5*r**3/3 + 2124*r**2. Determine b(17).
-44
Let d(q) = 3*q - 1. Suppose -7*f + 159 = -142. Suppose 15*u - f + 118 = 0. What is d(u)?
-16
Let g(z) be the second derivative of z**6/720 + z**5/120 - 8*z**4/3 - 130*z. Let t(k) be the third derivative of g(k). What is t(-8)?
-7
Let s(t) = 2*t + 15. Let i be -37 - -39 - (-4 - (-3 - 0)). Determine s(i).
21
Let k(b) = -b - 29. Suppose -5*d - 4*c + 44 = 0, 50*d - 5*c - 56 = 47*d. Give k(d).
-41
Let b(j) = -j**2 - 18*j - 59. Let q(a) = 233*a + 1627. Let p be q(-7). Give b(p).
-3
Let a = 7 + -9. Let o be 8 + (3 - (9 + a)). Let r(f) = o + 4 - f - 9. Calculate r(-1).
0
Let v(l) = -3*l**2 - 43*l + 14. Let j(k) = 9*k**2 + 129*k - 38. Let x(p) = 4*j(p) + 13*v(p). What is x(-15)?
0
Let x(y) = 34*y**2 - 25*y - 100. Let v(f) = 21*f**2 - 17*f - 64. Let s(n) = 8*v(n) - 5*x(n). Give s(-7).
-33
Let z(j) = -j**3 + 4*j**2 + 18*j + 8. Let v(m) = 2*m**3 - 7*m**2 - 37*m - 18. Let y(h) = 6*v(h) + 13*z(h). Let r = 179 + -168. Give y(r).
7
Let o be 8/16*(8/(-5))/(-4)*-5. Let b(c) = 4*c**2 - c + 1. Let g(v) = -5*v**2 + 2*v - 1. Let l(t) = -3*b(t) - 2*g(t). Give l(o).
-2
Let j = -4 + 9. Suppose h + j*h = 102. Suppose 15*v = h*v - 10. Let p(d) = d + 2. What is p(v)?
7
Let t(s) = s**3 + 9*s**2 + 10*s - 2. Let p(d) be the first derivative of -3*d**2/2 - 70*d + 44. Let u be p(-21). What is t(u)?
26
Let c(x) = -2*x**2 + 3*x - 1. Let g be c(-3). Suppose 2*s - 24 = -h, -16 = -5*h - 4*s + 104. Let r = g + h. Let w(y) = -3*y - 6. Determine w(r).
6
Suppose -21 = 3*x + 5*l + 14, -x + 3*l = -7. Let k(t) = t**2 - 9*t - 23. Calculate k(x).
47
Let d(j) = 3 - j + 3 + 1. Let f be 6/((-1584)/(-696)) - 8/(-22). Calculate d(f).
4
Let s(r) = -r**2 + r. Let g(w) = -w**2 - 2*w + 9. Let f be g(-4). Let j(q) = -2*q**2 + 8*q + 4. Let v = 17 - 20. Let u(b) = f*j(b) + v*s(b). Give u(-4).
0
Let v(h) = 2*h + 5. Let p(z) = -4*z - 10. Let y(l) = -6*p(l) - 13*v(l). Let u = 75 - 74. Let g be (1 - 0) + u + (-45)/(-9). Determine y(g).
-19
Let o be (-4)/(-3) - (-1)/(5 - 21/6). Let r(q) = 14*q**3 + 2*q**2 + 2*q - 3. Calculate r(o).
121
Let w = -13805 + 13796. Let f(u) = -u**3 - 12*u**2 - 27*u - 3. Calculate f(w).
-3
Let i(p) = p**3 - 9*p**2 + 9*p - 6. Let z(u) = 2*u**3 - 10*u**2 + 5. Let n be z(5). Let a = 2 + n. Suppose 5*b - 33 - a = 0. What is i(b)?
2
Suppose 2*c - 56 = -2*f, -2*f = -5*c - 6 - 29. Let h(q) = 4*q - 3 - f*q + 8*q + 4*q + 7*q. What is h(4)?
-11
Let d(p) be the third derivative of -1/3*p**3 - 91*p**2 - 5/24*p**4 + 0 + 0*p. What is d(-6)?
28
Let g(d) = 83*d + 2 + 91*d - 261*d + 89*d + 7*d**3. Give g(-1).
-7
Let w(s) = 519*s - 11420. Let q be w(22). Let h(i) = 2*i**2 + 17*i + 36. Calculate h(q).
10
Let n(i) = 18*i + 2643*i**2 - 20 + 2646*i**2 - 5290*i**2. Calculate n(6).
52
Let s be 5 + ((-12)/6 - -3). Let b(x) = -20*x + 117. Let k be b(s). Let t(j) = 2*j - 7. What is t(k)?
-13
Suppose 3*d - 2*d - 2 = 0. Suppose -2*x + 53 = 5*n + d*x, -5*x - 2 = n. Let i(r) = -n + r**3 + 6 + 4*r + 2 - 5*r**2. Calculate i(5).
15
Let q(l) = 3*l**2 - 9*l + 12. Let c(g) = -4*g**2 + 11*g - 12. Let w(a) = 4*c(a) + 5*q(a). Calculate w(-7).
-30
Suppose -3*w + 91 = 2*n + 23, 0 = w - 5*n - 51. Suppose -2 + w = -12*b. Let s(j) = 3*j - 2 + 3 + 2. What is s(b)?
-3
Let b(l) = l**3 - 7*l**2 - l + 3. Suppose 2*a = -4*a - 36. Let m be 0*(a/9)/((-12)/(-9)). Suppose 5*q = -i + 2, 4*i - q - 29 = -m. Give b(i).
-4
Suppose 10*c + 30 = -5*k, -8*c + 4*c - k - 12 = 0. Let s(q) = -q**3 - 3*q**2 + 5*q + 6. Give s(c).
-9
Let q(h) = 3889*h - 148 - 1964*h - 1958*h. Give q(-5).
17
Let v be ((-6)/(-18))/((-2)/18) + 8. Let o(f) = 32*f - 4. Let s(h) = 85*h - 12. Let d(k) = -8*o(k) + 3*s(k). Determine d(v).
-9
Let k(i) = 14*i + 5*i + 25 - 35*i + 7*i + 14*i. What is k(-3)?
10
Let j(o) = 5*o**3 + 18*o**2 - 9*o - 15. Let v(p) = -2*p**3 - 7*p**2 + 3*p + 7. Let a(c) = -3*j(c) - 7*v(c). Give a(-6).
-4
Let c(z) be the third derivative of 0 + 0*z - 2/15*z**5 + 5*z**2 - 1/3*z**4 + 1/6*z**3 - 1/120*z**6. Suppose s + 9 = 2. Calculate c(s).
8
Suppose -l - 4*y = -21, 4*y = 3*l - 1 - 14. Suppose l*x = -11*x - 80. Let g(i) = -i**2 - 5*i - 5. Determine g(x).
-1
Let v(r) = -r - 7. Let g(s) = s**3 - 21*s**2 + 55*s - 15. Let i be g(18). Suppose f + w = -6, f = i*f + w + 15. Determine v(f).
2
Let q be (-22)/(-4)*(-2 - -4). Suppose 3*v + 10 = -5*w, -2*v = 5*w + 17 - 2. Let p(i) = -q + 8 - v*i + 4*i. Give p(-5).
2
Suppose 8*c = 47 + 25. Let u(v) = -2*v**3 + 6 - 6*v**2 + v**3 + 1 + c*v. Calculate u(-7).
-7
Let u(d) be the third derivative of -d**5/60 + 5*d**4/24 